site?
True
Is 604610843 prime?
True
Is 75294393721 a prime number?
True
Is 178150673 a composite number?
True
Is 923044069 a prime number?
False
Is 5343994433 composite?
False
Is 526167923 composite?
True
Is 32950904611 composite?
False
Is 1331050933 a prime number?
True
Is 12363036317 prime?
False
Is 56446201807 composite?
False
Is 36687603607 composite?
False
Is 3948722377 composite?
True
Is 2610903287 prime?
True
Is 290697398 a composite number?
True
Is 19706953241 composite?
False
Is 2482822763 prime?
False
Is 1563314591 composite?
False
Is 2517533167 composite?
True
Is 15567474809 a prime number?
False
Is 354842219 a prime number?
False
Is 74285612447 a prime number?
False
Is 11065694477 composite?
False
Is 528355007 a prime number?
False
Is 64267231 a prime number?
False
Is 201210873853 prime?
False
Is 1447964233 a composite number?
True
Is 5112427057 a composite number?
False
Is 38832304321 prime?
False
Is 542888657 a composite number?
True
Is 3727751081 a composite number?
True
Is 9652798901 prime?
True
Is 3448121903 composite?
False
Is 33733109279 a prime number?
True
Is 114735182 composite?
True
Is 234910859 prime?
True
Is 99020813299 a composite number?
False
Is 189925269473 a composite number?
False
Is 636861607 prime?
True
Is 14627078234 composite?
True
Is 19439152337 a prime number?
False
Is 12071378257 prime?
True
Is 535731979 composite?
False
Is 7477779767 a prime number?
True
Is 7756793497 a composite number?
False
Is 197707309 prime?
False
Is 3594857293 a composite number?
False
Is 9817334887 composite?
False
Is 33584566049 composite?
False
Is 290095607 a prime number?
False
Is 308484293 a prime number?
False
Is 14705538299 a composite number?
True
Is 1539956357 a prime number?
False
Is 439636979 composite?
False
Is 288707051873 composite?
False
Is 5212659799 composite?
True
Is 180492677 composite?
True
Is 2453632001 a composite number?
False
Is 1071002761 a composite number?
True
Is 1372281637 a composite number?
True
Is 90329893 a composite number?
True
Is 46397613217 composite?
True
Is 418791067 composite?
False
Is 27869079593 a composite number?
False
Is 57767441 prime?
True
Is 1463110331 a composite number?
True
Is 15671956813 a prime number?
True
Is 27987035 a composite number?
True
Is 898222814 a prime number?
False
Is 3686205119 a composite number?
False
Is 3282612329 composite?
False
Is 35067045367 composite?
True
Is 540555271 a prime number?
True
Is 774217357 a composite number?
False
Is 29240637073 prime?
False
Is 2779222097 a prime number?
False
Is 23109886253 a prime number?
False
Is 17082987701 composite?
True
Is 2154375095 composite?
True
Is 76523110841 prime?
False
Is 31911042103 a composite number?
True
Is 79915633813 composite?
False
Is 11986727971 a composite number?
False
Is 11246507 a prime number?
False
Is 4241259487 composite?
True
Is 2779175593 prime?
False
Is 4071736187 prime?
False
Is 282011969 a composite number?
False
Is 4424948011 composite?
True
Is 9751052893 a prime number?
False
Is 1604287957 a prime number?
True
Is 8525506123 prime?
False
Is 88498915097 prime?
False
Is 6570941263 a composite number?
True
Is 3300889327 composite?
False
Is 51513871649 prime?
False
Is 7070717989 a prime number?
True
Is 11413614133 composite?
True
Is 24674436107 composite?
True
Is 1366923293 a prime number?
False
Is 46332757 composite?
True
Is 23886017 a composite number?
False
Is 4020281017 a prime number?
False
Is 147831044419 a prime number?
False
Is 77771726 composite?
True
Is 13349992759 prime?
True
Is 2341430759 prime?
False
Is 573723901 a prime number?
False
Is 1436562613 a prime number?
False
Is 990862261 a composite number?
True
Is 12864250501 a composite number?
True
Is 11371087157 composite?
False
Is 1351074383 a composite number?
False
Is 27437703413 prime?
False
Is 745626509 a composite number?
True
Is 29453513839 composite?
True
Is 3150948067 a composite number?
False
Is 2756919349 prime?
True
Is 44626156529 prime?
False
Is 786456814633 a composite number?
True
Is 17456821177 prime?
True
Is 172490581 a composite number?
False
Is 246228079 composite?
True
Is 92496389 a prime number?
False
Is 127584580733 a composite number?
True
Is 41391345759 composite?
True
Is 301248371 composite?
False
Is 3451416053 prime?
False
Is 10240649297 a composite number?
True
Is 1119595157 a composite number?
False
Is 1233739219 a composite number?
False
Is 16156726451 a prime number?
False
Is 14236687183 prime?
True
Is 26689864339 composite?
False
Is 195770971 a composite number?
True
Is 11599592429 composite?
False
Is 335668265 composite?
True
Is 96686944693 composite?
False
Is 13376752237 prime?
False
Is 1118709517 prime?
False
Is 5285394013 a prime number?
True
Is 153079251673 a composite number?
False
Is 2148809083 a prime number?
True
Is 137159083 a prime number?
False
Is 142959695 prime?
False
Is 971176121 a composite number?
False
Is 158712767 a prime number?
True
Is 48461991293 a prime number?
True
Is 29786025369 a prime number?
False
Is 43687801 prime?
True
Is 14820890923 composite?
False
Is 16420035719 a prime number?
False
Is 202019747 a composite number?
False
Is 4470228017 composite?
False
Is 514056899 a prime number?
True
Is 9640177513 a prime number?
False
Is 8185939087 composite?
True
Is 79818667 a composite number?
False
Is 89891279843 a prime number?
False
Is 212186635 composite?
True
Is 69543791609 a prime number?
False
Is 313158619 composite?
False
Is 6501983203 prime?
True
Is 930730663 a composite number?
False
Is 10502978177 a composite number?
False
Is 798063491 a composite number?
False
Is 186558713297 a prime number?
False
Is 4979802589 a composite number?
False
Is 183944531 composite?
False
Is 2331060131 prime?
True
Is 182261099 composite?
False
Is 1428800147 a prime number?
True
Is 170200559 a prime number?
True
Is 1156832851 composite?
False
Is 3115391567 a composite number?
False
Is 25670758147 prime?
True
Is 37669747 a prime number?
True
Is 102687643397 composite?
True
Is 530158871 prime?
False
Is 12466311433 a prime number?
True
Is 1586236378 prime?
False
Is 1277266547 prime?
False
Is 22796855995 composite?
True
Is 63287365 composite?
True
Is 1734080401 a composite number?
False
Is 1489430171 prime?
False
Is 95298011 composite?
False
Is 3918038699 a prime number?
False
Is 561584521 prime?
False
Is 267598505 a prime number?
False
Is 3746146573 a prime number?
False
Is 4873653461 a prime number?
True
Is 532924507 a composite number?
False
Is 502392181 a composite number?
True
Is 177115328659 a composite number?
False
Is 10528790033 a prime number?
False
Is 220739929 a composite number?
True
Is 9031329457 prime?
False
Is 137677023091 a prime number?
True
Is 38359371565 composite?
True
Is 107502433117 prime?
False
Is 471134747 prime?
True
Is 23603785789 a composite number?
False
Is 679739581 a prime number?
False
Is 657445111 prime?
False
Is 9174222013 composite?
True
Is 876725287 a prime number?
False
Is 21915098369 prime?
True
Is 3423802117 a prime number?
False
Is 26540417597 prime?
True
Is 340064437 prime?
False
Is 43374273091 a prime number?
False
Is 508073273 a composite number?
False
Is 9887389573 a composite number?
True
Is 121015611089 prime?
True
Is 1404613961 a prime number?
True
Is 3573031031 a prime number?
True
Is 9810494753 a composite number?
False
Is 275883775537 a composite number?
False
Is 533713483 composite?
False
Is 382813283 a composite number?
True
Is 22378113787 a prime number?
False
Is 416758607 prime?
False
Is 18924169 a composite number?
True
Is 1179298753 a prime number?
True
Is 896303885 prime?
False
Is 80603273137 composite?
True
Is 566150447 a composite number?
False
Is 3777160787 prime?
False
Is 1918047305 composite?
True
Is 19335877837 a composite number?
True
Is 6014707 a composite number?
True
Is 53142374821 prime?
True
Is 32436576127 a prime number?
True
Is 1935136337 a prime number?
True
Is 3643536227 a composite number?
True
Is 14733017843 prime?
False
Is 80438531 a prime number?
True
Is 12162867239 a composite number?
True
Is 474978437 a prime number?
False
Is 17563579871 a composite number?
False
Is 28082540333 prime?
True
Is 19358419541 prime?
True
Is 2093393063 composite?
False
Is 508458883 a composite number?
True
Is 801400751 composite?
False
Is 